13. Give q(-1).
-2182
Let j(k) = -78*k**2 + 1656*k + 1663. What is j(-1)?
-71
Let k(o) = -1531*o - 1528. Give k(-1).
3
Let u(c) = 2*c**3 + 42*c**2 + 111*c + 171. Calculate u(-18).
117
Let i(r) = 2*r**2 - 310*r + 5034. Give i(139).
586
Let j(x) = -4*x**2 - 361*x + 1922. Determine j(-99).
-1543
Let h(n) = -106*n + 365. Give h(-11).
1531
Let s(w) = -14*w**2 - 273*w - 1375. What is s(-5)?
-360
Let s(g) = 88*g + 3066. What is s(-48)?
-1158
Let c(x) = x**3 + 199*x**2 - 12503*x - 2514792. Calculate c(-198).
6
Let s(d) = -85063*d - 425227. Determine s(-5).
88
Let f(v) = -24*v**2 + 115*v + 194. Give f(0).
194
Let s(m) = m**3 - 15*m**2 - 4*m - 291. Determine s(0).
-291
Let w(z) = 3*z**3 - 860*z**2 + 578*z - 1618. Calculate w(286).
98
Let n(c) = c**3 + 55*c**2 + 146*c - 539. Determine n(-52).
-19
Let g(m) = -44*m**3 + 109*m**2 - 88*m - 14. What is g(1)?
-37
Let z(y) = -9*y**2 - 407*y + 8055. What is z(15)?
-75
Let o(m) = 4*m**2 + 447*m - 1380. Determine o(-101).
-5723
Let x(l) = -42*l**3 + 4*l**2 + 5*l - 15. Give x(2).
-325
Let y(b) = -2890*b + 650596. What is y(225)?
346
Let i(s) = -2*s**2 + 651*s - 21867. Calculate i(38).
-17
Let h(m) = 3*m**3 - 245*m**2 - 151*m + 5558. Calculate h(82).
-100
Let t(p) = 782*p + 38168. What is t(-46)?
2196
Let a(d) = -15309*d + 321092. Calculate a(21).
-397
Let w(r) = -401053*r**2 - 1604217*r + 1. Determine w(-4).
21
Let i(g) = -487*g + 25872. What is i(53)?
61
Let x(y) = y**3 - 27*y**2 - 538*y - 1403. What is x(41)?
73
Let v(b) = -417*b - 69. Calculate v(0).
-69
Let j(f) = 10426*f + 604819. Calculate j(-58).
111
Let v(y) = -422*y + 80176. Give v(190).
-4
Let n(b) = -1232*b - 71506. Give n(-58).
-50
Let t(g) = 150*g + 13271. Determine t(-87).
221
Let b(r) = 69*r**3 + 7382*r**2 - 112*r - 519. Give b(-107).
16
Let b(o) = -o**3 - 47*o**2 + 269*o + 6843. Calculate b(-49).
-1536
Let f(j) = -j**3 - 82*j**2 + 720*j + 12. Give f(-90).
12
Let v(b) = 52374*b - 2042562. Calculate v(39).
24
Let o(y) = -8300*y + 191023. Determine o(23).
123
Let m(f) = 16*f**2 + 2098*f - 4000. Calculate m(-133).
-10
Let r(k) = 629*k**2 + 15220*k - 29481. Determine r(-26).
3
Let c(g) = -3*g**2 - 148*g - 1165. Calculate c(-8).
-173
Let s(l) = -210*l**2 + 5863*l + 467. Calculate s(28).
-9
Let z(q) = 77*q + 2559. What is z(-14)?
1481
Let k(w) = -18005*w + 1157. What is k(0)?
1157
Let h(n) = 1791*n + 5369. Calculate h(-3).
-4
Let z(w) = -4089*w - 32744. Give z(-8).
-32
Let x(t) = 2066*t + 37602. Give x(-18).
414
Let q(j) = 13268*j + 4365169. What is q(-329)?
-3
Let y(t) = -21336*t + 21334. Determine y(1).
-2
Let u(y) = -3*y**3 + 26*y**2 + 518*y - 4774. Give u(10).
6
Let z(l) = l**3 - 57*l**2 + 414*l + 4045. Determine z(46).
-187
Let o(c) = 35204*c - 70402. What is o(2)?
6
Let x(j) = 4980*j - 4965. Calculate x(1).
15
Let a(o) = 35834*o - 2006713. Determine a(56).
-9
Let s(y) = -1797*y + 174047. Calculate s(97).
-262
Let n(j) = 4*j**2 - 925*j + 47504. Give n(77).
-5
Let b(l) = -27826*l + 83470. What is b(3)?
-8
Let c(i) = -1259*i**2 + 35240*i + 330. Give c(28).
-6
Let p(j) = 197*j**2 + 29350*j - 476. What is p(-149)?
-29
Let d(q) = -q**3 + 18*q**2 - 95*q + 1226. Give d(13).
836
Let o(s) = -s**3 - 42*s**2 - 340*s - 48. What is o(-31)?
-79
Let m(n) = -3*n**3 - 42*n**2 - 38*n + 257. Give m(-12).
-151
Let y(g) = 2*g**2 + 885*g - 268917. Determine y(207).
-24
Let c(g) = -g**3 - 177*g**2 - 7829*g - 861. Calculate c(-92).
-33
Let f(d) = -32904*d - 32439. Calculate f(-1).
465
Let t(i) = -i**3 - 21*i**2 + 109*i + 1967. Give t(-18).
-967
Let x(b) = -b**2 + 10248*b - 408336. What is x(40)?
-16
Let r(t) = -11*t**3 + 154*t**2 + 109*t + 853. Determine r(15).
13
Let p(h) = h**3 - 34*h**2 + 164*h - 62. Determine p(14).
-1686
Let x(b) = 20*b**2 + 12*b + 152. Give x(-8).
1336
Let d(b) = 1873*b - 75160. Give d(40).
-240
Let t(i) = -i**2 + 296*i - 11122. Determine t(48).
782
Let b(n) = -90457*n - 2170958. Determine b(-24).
10
Let i(f) = 5*f**3 - 31*f**2 - 17*f + 24. Calculate i(5).
-211
Let v(x) = 4*x**3 - 9*x**2 - 1103*x + 3402. Calculate v(3).
120
Let r(f) = f**3 + 14*f**2 + 849*f + 15309. Calculate r(-17).
9
Let r(b) = 2*b**3 + 40*b**2 + 151*b + 230. Calculate r(-15).
215
Let z(p) = -6*p**2 + 606*p + 24153. Determine z(-35).
-4407
Let a(z) = -1358243*z - 9507660. What is a(-7)?
41
Let d(k) = -2*k**2 - 85*k + 8335. Calculate d(-89).
58
Let g(w) = -w**2 + 40212*w + 8976345. Calculate g(-222).
-3
Let l(d) = 7245532*d + 36227669. Give l(-5).
9
Let k(d) = -2*d**3 + 76*d**2 + 127*d - 7614. Calculate k(37).
-177
Let o(j) = j**3 + 556*j**2 - 3363*j - 30. Give o(6).
24
Let q(v) = 415*v - 6818. What is q(11)?
-2253
Let b(r) = 2829*r + 48105. What is b(-17)?
12
Let k(v) = v**3 - 178*v**2 + 1998*v - 678. Give k(166).
318
Let q(g) = -34555*g + 587422. What is q(17)?
-13
Let y(k) = 7159*k + 87019. What is y(-12)?
1111
Let d(f) = -41287*f - 412765. Give d(-10).
105
Let a(c) = -589*c - 41734. Calculate a(-71).
85
Let d(a) = -3125*a + 53076. Calculate d(17).
-49
Let y(a) = -a**3 + 42*a**2 + 30*a - 470. Determine y(43).
-1029
Let q(s) = 302*s - 78. Give q(0).
-78
Let f(r) = 1429*r**3 - r**2 - 85*r - 84. What is f(-1)?
-1429
Let c(l) = -l**3 - 32*l**2 + 514*l - 657. Determine c(-44).
-41
Let y(x) = -9*x**2 + 573*x + 20302. Determine y(89).
10
Let j(d) = 1006*d - 134098. Give j(135).
1712
Let h(d) = -5161*d - 2430823. Calculate h(-471).
8
Let c(j) = 59907*j + 59842. What is c(-1)?
-65
Let q(d) = -d**2 - 69*d + 4117. Give q(-107).
51
Let l(t) = 11833*t - 3455255. Calculate l(292).
-19
Let l(d) = 3*d**2 + 507*d - 7529. Calculate l(15).
751
Let i(k) = -k**3 - 33*k**2 + 11*k + 1136. What is i(0)?
1136
Let j(m) = -4*m**3 + 3*m**2 + 72*m - 74. Determine j(1).
-3
Let g(d) = 8*d**2 - 8097*d + 40275. Determine g(5).
-10
Let p(k) = 153*k + 26441. Calculate p(-172).
125
Let k(n) = n**3 - 39*n**2 - 14*n + 389. Calculate k(40).
1429
Let d(c) = -38358*c + 38352. What is d(1)?
-6
Let k(g) = g**3 + 83*g**2 + 593*g - 527. What is k(-75)?
-2
Let l(c) = -4*c**3 + 46*c**2 - 23*c + 551. Determine l(11).
540
Let o(d) = 1084*d - 54548. Give o(51).
736
Let x(n) = -14731*n - 176539. Determine x(-12).
233
Let q(o) = 165*o - 2692. Determine q(16).
-52
Let g(q) = 5*q**3 + 5*q**2 + 31*q + 83. Give g(-3).
-100
Let b(r) = -r**2 - 43*r - 968. Calculate b(-33).
-638
Let s(g) = -3*g**3 + 319*g**2 - 582*g + 50451. Calculate s(106).
-5
Let f(u) = 504*u - 1345. Determine f(3).
167
Let c(h) = -1268*h - 6749. What is c(-5)?
-409
Let f(z) = 75918*z + 3492238. Determine f(-46).
10
Let y(j) = j**3 + 2*j**2 - 1935*j - 3916. Determine y(44).
0
Let n(a) = 292*a + 60. Determine n(1).
352
Let m(n) = -n**2 - 683*n - 41721. Give m(-68).
99
Let d(r) = 513*r - 770. Give d(6).
2308
Let l(k) = 2*k**2 - 277*k + 9362. What is l(89)?
551
Let x(s) = -215823*s - 1510780. What is x(-7)?
-19
Let r(l) = 72*l + 1654. Calculate r(-30).
-506
Let s(p) = 477*p**2 - 6684*p + 91. What is s(14)?
7
Let g(u) = 2*u**3 - 4*u**2 + 2579*u - 10313. What is g(4)?
67
Let z(y) = y**3 + 83*y**2 + 1298*y + 25. Calculate z(-21).
109
Let q(n) = -12973*n - 104138. Give q(-8).
-354
Let g(n) = 41939*n - 41985. Calculate g(1).
-46
Let h(s) = 108*s**2 + 3261*s + 629. Determine h(-30).
-1
Let q(t) = -3914*t - 54947. Determine q(-14).
-151
Let p(u) = 45*u + 6015. Calculate p(-109).
1110
Let j(m) = 221*m**2 - 16*m - 22. Give j(-1).
215
Let j(o) = 3*o**3 - 43*o**2 - 56*o + 2717. Give j(-7).
-27
Let g(k) = -1646182*k - 9877085. Give g(-6).
7
Let s(w) = -1713*w + 10436. What is s(6)?
158
Let l(a) = 10*a**3 - 33*a**2 - 21*a + 34. Give l(1).
-10
Let h(l) = -2021*l**2 - 48509*l - 106. What is h(-24)?
14
Let c(z) = -3*z**2 + 785*z - 1550. Determine c(2).
8
Let i(p) = -p**2 + 10*p + 47068. Give i(222).
4
Let m(s) = -s**2 + 1125*s + 204118. Determine m(-159).
-38
Let h(z) = 324126*z - 2917123. Calculate h(9).
11
Let y(o) = o**3 + 169*o**2 + 476*o + 23737. Determine y(-167).
23
Let m(b) = 224542*b - 898217. Calculate m(4).
-49
Let p(c) = -c**3 - 16*c**2 + 1545*c - 16779. Give p(18).
15
Let m(s) = -s**2 - 2222*s + 122898. Give m(54).
-6
Let s(f) = f**3 - 16*f**2 - 720*f + 1944. Calculate s(35).
19
Let b(l) = 2839*l - 14278. Calculate b(5).
-83
Let i(o) = -2793*o + 78046. What is i(28)?
-158
Let d(w) = -117*w + 5225. Give d(41).
428
Let p(h) = 2*h**3 + 17*h**2 + 151*h - 107. Calculate p(-12